{"id":17,"date":"2018-01-28T01:16:50","date_gmt":"2018-01-28T00:16:50","guid":{"rendered":"https:\/\/wildvogelfreunde.de\/?page_id=17"},"modified":"2019-05-14T03:26:24","modified_gmt":"2019-05-14T01:26:24","slug":"ueber-mich","status":"publish","type":"page","link":"https:\/\/wildvogelfreunde.de\/?page_id=17","title":{"rendered":"\u00dcber uns"},"content":{"rendered":"<p>Die Facebookgruppe &#8222;Wildvogelfreunde&#8220; wurde am 13. Dezember 2016 von Christian L\u00fcders gegr\u00fcndet.<\/p>\n<p>Momentan hat die Gruppe \u00fcber 4000 Mitglieder, wobei wir m\u00f6glichst darauf achten, da\u00df unsere Mitgleider auch in die Gruppe passen. Wer sich nur profilieren m\u00f6chte, Werbung macht oder gar V\u00f6gel verkaufen will, hat bei uns nichts verloren!<\/p>\n<p>Ziel war es, ein friedliches und informatives Miteinander rund um unsere gefiederten Lieblinge zu schaffen. Da einige Sachen in Facebook leicht untergehen, haben wir hier eine Au\u00dfenstelle gegr\u00fcndet. Hier findet man alles, wonach mal in Facebook erst umst\u00e4ndlich suchen mu\u00df.<\/p>\n","protected":false},"excerpt":{"rendered":"<p>Die Facebookgruppe &#8222;Wildvogelfreunde&#8220; wurde am 13. Dezember 2016 von Christian L\u00fcders gegr\u00fcndet. Momentan hat die Gruppe \u00fcber 4000 Mitglieder, wobei [&hellip;]<\/p>\n","protected":false},"author":1,"featured_media":14,"parent":0,"menu_order":0,"comment_status":"closed","ping_status":"closed","template":"","meta":{"_acf_changed":false,"footnotes":""},"class_list":["post-17","page","type-page","status-publish","has-post-thumbnail","hentry","post-thumbnail-displayed"],"acf":[],"_links":{"self":[{"href":"https:\/\/wildvogelfreunde.de\/index.php?rest_route=\/wp\/v2\/pages\/17","targetHints":{"allow":["GET"]}}],"collection":[{"href":"https:\/\/wildvogelfreunde.de\/index.php?rest_route=\/wp\/v2\/pages"}],"about":[{"href":"https:\/\/wildvogelfreunde.de\/index.php?rest_route=\/wp\/v2\/types\/page"}],"author":[{"embeddable":true,"href":"https:\/\/wildvogelfreunde.de\/index.php?rest_route=\/wp\/v2\/users\/1"}],"replies":[{"embeddable":true,"href":"https:\/\/wildvogelfreunde.de\/index.php?rest_route=%2Fwp%2Fv2%2Fcomments&post=17"}],"version-history":[{"count":3,"href":"https:\/\/wildvogelfreunde.de\/index.php?rest_route=\/wp\/v2\/pages\/17\/revisions"}],"predecessor-version":[{"id":107,"href":"https:\/\/wildvogelfreunde.de\/index.php?rest_route=\/wp\/v2\/pages\/17\/revisions\/107"}],"wp:featuredmedia":[{"embeddable":true,"href":"https:\/\/wildvogelfreunde.de\/index.php?rest_route=\/wp\/v2\/media\/14"}],"wp:attachment":[{"href":"https:\/\/wildvogelfreunde.de\/index.php?rest_route=%2Fwp%2Fv2%2Fmedia&parent=17"}],"curies":[{"name":"wp","href":"https:\/\/api.w.org\/{rel}","templated":true}]}}